{"id":4674,"date":"2023-03-10T11:35:50","date_gmt":"2023-03-10T11:35:50","guid":{"rendered":"https:\/\/www.technidor.com\/?page_id=4674"},"modified":"2024-05-12T19:35:10","modified_gmt":"2024-05-12T19:35:10","slug":"politica-de-privacidad-rgpd","status":"publish","type":"page","link":"https:\/\/www.technidor.com\/index.php\/politica-de-privacidad-rgpd\/","title":{"rendered":"Pol\u00edtica de Privacidad RGPD"},"content":{"rendered":"\n<p>RESPONSABLE DEL TRATAMIENTO<\/p>\n\n\n\n<p>TECHNIDOR, S.L. &nbsp;B08753006, con domicilio en Avinguda Mare de Deu de Montserrat, 2, Nau C, 08970, Sant Joan Desp\u00ed Telefono 934560200 y mail rgpd@technidor.com<\/p>\n\n\n\n<p>FINALIDAD<\/p>\n\n\n\n<p>La finalidad de la creaci\u00f3n, existencia y mantenimiento es el tratamiento de los datos con los exclusivos fines de &nbsp;cumplir con nuestra relaci\u00f3n comercial, y realizar la facturaci\u00f3n de la misma.<\/p>\n\n\n\n<p>LEGITIMACI\u00d3N<\/p>\n\n\n\n<p>La base legal para el tratamiento de sus datos es la ejecuci\u00f3n de la relaci\u00f3n comercial entre el titular del dato y el responsable del tratamiento y dicha informaci\u00f3n personal se conservar\u00e1 mientras se mantenga la relaci\u00f3n comercial\/contractual o durante el tiempo estrictamente necesario para cumplir con las obligaciones legales.<\/p>\n\n\n\n<p>COMUNICACIONES COMERCIALES<\/p>\n\n\n\n<p>Asimismo y en base a su consentimiento otorgado de forma afirmativa y expresa, nos permite poder enviarle informaci\u00f3n comercial sobre nuestros productos y novedades a trav\u00e9s de correo electr\u00f3nico. Dicho consentimiento podr\u00e1 ser revocado en cualquier momento a trav\u00e9s de nuestro correo electr\u00f3nico rgpd@technidor.com<\/p>\n\n\n\n<p>PERIODO DE CONSERVACI\u00d3N<\/p>\n\n\n\n<p>&nbsp;Los datos proporcionados se conservar\u00e1n mientras se mantenga la relaci\u00f3n comercial o durante los a\u00f1os necesarios para cumplir con las obligaciones legales<\/p>\n\n\n\n<p>DESTINATARIOS<\/p>\n\n\n\n<p>Mientras dure el tratamiento de los datos del interesado, TECHNIDOR, S.L.&nbsp; no ceder\u00e1 los datos a terceros, salvo que medie obligaci\u00f3n legal.<\/p>\n\n\n\n<p>En los supuestos que, para la realizaci\u00f3n de tratamientos de tipo administrativo, fiscal, contable y\/o comercial, se cuente con los servicios de terceros, se formalizar\u00e1 debidamente el preceptivo contrato de encargado de tratamiento, con la finalidad de garantizar la seguridad y confidencialidad de los datos del interesado frente a terceros.<\/p>\n\n\n\n<p>DERECHOS<\/p>\n\n\n\n<p>Las personas interesadas tienen derecho a&nbsp;acceder&nbsp;a sus datos de car\u00e1cter personal, as\u00ed como a solicitar la&nbsp;rectificaci\u00f3n&nbsp;de datos inexactos o, en su caso, solicitar la&nbsp;supresi\u00f3n&nbsp;cuando, entre otros motivos, los datos ya no sean necesarios para la finalidad que fueron entregados as\u00ed como&nbsp;retirar el consentimiento otorgado. El ejercicio de&nbsp;oposici\u00f3n&nbsp;al tratamiento de sus datos para el env\u00edo de informaci\u00f3n publicitaria por v\u00eda electr\u00f3nica. Tambi\u00e9n puede ejercer su derecho a la&nbsp;limitaci\u00f3n del tratamiento, de forma que sus datos no ser\u00e1n suprimidos pero el tratamiento de los mismos estar\u00e1 sujeto a limitaciones. Los ejercicios de portabilidad y automatizaci\u00f3n de decisiones no aplican en este caso por la tipolog\u00eda de datos y tratamiento de los mismos.<\/p>\n\n\n\n<p>TRATAMIENTO CONSENTIMIENTO DE COOKIES<\/p>\n\n\n\n<p>Utilizamos la herramienta de consentimiento \u00abReal Cookie Banner\u00bb para gestionar las cookies y otras tecnolog\u00edas similares utilizadas (p\u00edxeles de seguimiento, balizas web, etc.), y los consentimientos relacionados a las mismas. Encontrar\u00e1 informaci\u00f3n detallada sobre el funcionamiento de \u00abReal Cookie Banner\u00bb en <a href=\"https:\/\/devowl.io\/rcb\/data-processing\/\" target=\"_blank\" rel=\"noreferrer noopener\">https:\/\/devowl.io\/rcb\/data-processing\/<\/a>.<\/p>\n\n\n\n<p>La base legal para el tratamiento de datos personales en este contexto son el Art\u00edculo 6 (1) sub. c del RGPD y el Art\u00edculo 6 (1) sub. f RGPD. Nuestro inter\u00e9s leg\u00edtimo es la gesti\u00f3n de las cookies y tecnolog\u00edas similares utilizadas y los consentimientos relacionados.<\/p>\n\n\n\n<p>El suministro de datos personales no es obligatorio por contrato ni necesario para la celebraci\u00f3n de un contrato. Usted no est\u00e1 obligado a facilitar sus datos personales. Pero si no lo hace, no podremos gestionar sus consentimientos.<\/p>\n","protected":false},"excerpt":{"rendered":"<p>RESPONSABLE DEL TRATAMIENTO TECHNIDOR, S.L. &nbsp;B08753006, con domicilio en Avinguda Mare de Deu de Montserrat, 2, Nau C, 08970, Sant Joan Desp\u00ed Telefono 934560200 y mail rgpd@technidor.com FINALIDAD La finalidad de la creaci\u00f3n, existencia y mantenimiento es el tratamiento de los datos con los exclusivos fines de &nbsp;cumplir con nuestra relaci\u00f3n comercial, y realizar la&hellip;<\/p>\n<p class=\"more-link\"><a href=\"https:\/\/www.technidor.com\/index.php\/politica-de-privacidad-rgpd\/\" class=\"themebutton2\">Leer m\u00e1s<\/a><\/p>\n","protected":false},"author":2,"featured_media":0,"parent":0,"menu_order":0,"comment_status":"closed","ping_status":"closed","template":"","meta":{"_uf_show_specific_survey":0,"_uf_disable_surveys":false,"footnotes":""},"class_list":["post-4674","page","type-page","status-publish","hentry"],"aioseo_notices":[],"_links":{"self":[{"href":"https:\/\/www.technidor.com\/index.php\/wp-json\/wp\/v2\/pages\/4674","targetHints":{"allow":["GET"]}}],"collection":[{"href":"https:\/\/www.technidor.com\/index.php\/wp-json\/wp\/v2\/pages"}],"about":[{"href":"https:\/\/www.technidor.com\/index.php\/wp-json\/wp\/v2\/types\/page"}],"author":[{"embeddable":true,"href":"https:\/\/www.technidor.com\/index.php\/wp-json\/wp\/v2\/users\/2"}],"replies":[{"embeddable":true,"href":"https:\/\/www.technidor.com\/index.php\/wp-json\/wp\/v2\/comments?post=4674"}],"version-history":[{"count":2,"href":"https:\/\/www.technidor.com\/index.php\/wp-json\/wp\/v2\/pages\/4674\/revisions"}],"predecessor-version":[{"id":4889,"href":"https:\/\/www.technidor.com\/index.php\/wp-json\/wp\/v2\/pages\/4674\/revisions\/4889"}],"wp:attachment":[{"href":"https:\/\/www.technidor.com\/index.php\/wp-json\/wp\/v2\/media?parent=4674"}],"curies":[{"name":"wp","href":"https:\/\/api.w.org\/{rel}","templated":true}]}}