{"id":573,"date":"2018-01-24T08:56:46","date_gmt":"2018-01-24T08:56:46","guid":{"rendered":"http:\/\/www.technidor.com\/?page_id=573"},"modified":"2018-05-14T15:45:02","modified_gmt":"2018-05-14T15:45:02","slug":"justas-metalicas-espirometalicas","status":"publish","type":"page","link":"https:\/\/www.technidor.com\/index.php\/estanqueidad-dinamica-y-estatica\/estanqueidad-estatica\/justas-metalicas-espirometalicas\/","title":{"rendered":"Justas Met\u00e1licas &#8211; Espiromet\u00e1licas"},"content":{"rendered":"<div id=\"pl-573\"  class=\"panel-layout\" ><div id=\"pg-573-0\"  class=\"panel-grid panel-no-style\" ><div id=\"pgc-573-0-0\"  class=\"panel-grid-cell\" ><div id=\"panel-573-0-0-0\" class=\"so-panel widget widget_sow-hero panel-first-child\" data-index=\"0\" ><div\n\t\t\t\n\t\t\tclass=\"so-widget-sow-hero so-widget-sow-hero-default-eb77c8863727-573 so-widget-fittext-wrapper\"\n\t\t\t data-fit-text-compressor=\"0.85\"\n\t\t>\t\t\t\t<div class=\"sow-slider-base\" style=\"display: none\" tabindex=\"0\">\n\t\t\t\t\t<ul\n\t\t\t\t\tclass=\"sow-slider-images\"\n\t\t\t\t\tdata-settings=\"{&quot;pagination&quot;:true,&quot;speed&quot;:800,&quot;timeout&quot;:8000,&quot;paused&quot;:false,&quot;pause_on_hover&quot;:false,&quot;swipe&quot;:true,&quot;nav_always_show_desktop&quot;:&quot;&quot;,&quot;nav_always_show_mobile&quot;:&quot;&quot;,&quot;breakpoint&quot;:&quot;780px&quot;,&quot;unmute&quot;:false,&quot;anchor&quot;:null}\"\n\t\t\t\t\t\t\t\t\t\tdata-anchor-id=\"\"\n\t\t\t\t>\t\t<li class=\"sow-slider-image\" style=\"visibility: visible;;background-color: #ffffff\" >\n\t\t\t\t\t<div class=\"sow-slider-image-container\">\n\t\t\t<div class=\"sow-slider-image-wrapper\">\n\t\t\t\t<p><img loading=\"lazy\" decoding=\"async\" class=\"size-medium wp-image-1050 aligncenter\" src=\"http:\/\/www.technidor.com\/wp-content\/uploads\/2018\/03\/espirometalicas_1200x900-300x225.png\" alt=\"\" width=\"300\" height=\"225\" srcset=\"https:\/\/www.technidor.com\/wp-content\/uploads\/2018\/03\/espirometalicas_1200x900-300x225.png 300w, https:\/\/www.technidor.com\/wp-content\/uploads\/2018\/03\/espirometalicas_1200x900-768x576.png 768w, https:\/\/www.technidor.com\/wp-content\/uploads\/2018\/03\/espirometalicas_1200x900-1024x768.png 1024w, https:\/\/www.technidor.com\/wp-content\/uploads\/2018\/03\/espirometalicas_1200x900.png 1200w\" sizes=\"auto, (max-width: 300px) 100vw, 300px\" \/><\/p>\t\t\t<\/div>\n\t\t<\/div>\n\t\t\t\t<\/li>\n\t\t\t\t<li class=\"sow-slider-image\" style=\"visibility: hidden;;background-color: #ffffff\" >\n\t\t\t\t\t<div class=\"sow-slider-image-container\">\n\t\t\t<div class=\"sow-slider-image-wrapper\">\n\t\t\t\t<p><img loading=\"lazy\" decoding=\"async\" class=\"size-medium wp-image-1046 aligncenter\" src=\"http:\/\/www.technidor.com\/wp-content\/uploads\/2018\/03\/Semi-metallic-gaskets-Spiral-wound-352x300-300x256.jpg\" alt=\"\" width=\"300\" height=\"256\" srcset=\"https:\/\/www.technidor.com\/wp-content\/uploads\/2018\/03\/Semi-metallic-gaskets-Spiral-wound-352x300-300x256.jpg 300w, https:\/\/www.technidor.com\/wp-content\/uploads\/2018\/03\/Semi-metallic-gaskets-Spiral-wound-352x300.jpg 352w\" sizes=\"auto, (max-width: 300px) 100vw, 300px\" \/><\/p>\t\t\t<\/div>\n\t\t<\/div>\n\t\t\t\t<\/li>\n\t\t<\/ul>\t\t\t\t<ol class=\"sow-slider-pagination\">\n\t\t\t\t\t\t\t\t\t\t\t<li><a href=\"#\" data-goto=\"0\" aria-label=\"mostrar diapositiva 1\"><\/a><\/li>\n\t\t\t\t\t\t\t\t\t\t\t<li><a href=\"#\" data-goto=\"1\" aria-label=\"mostrar diapositiva 2\"><\/a><\/li>\n\t\t\t\t\t\t\t\t\t<\/ol>\n\n\t\t\t\t<div class=\"sow-slide-nav sow-slide-nav-next\">\n\t\t\t\t\t<a href=\"#\" data-goto=\"next\" aria-label=\"diapositiva siguiente\" data-action=\"next\">\n\t\t\t\t\t\t<em class=\"sow-sld-icon-thin-right\"><\/em>\n\t\t\t\t\t<\/a>\n\t\t\t\t<\/div>\n\n\t\t\t\t<div class=\"sow-slide-nav sow-slide-nav-prev\">\n\t\t\t\t\t<a href=\"#\" data-goto=\"previous\" aria-label=\"diapositiva anterior\" data-action=\"prev\">\n\t\t\t\t\t\t<em class=\"sow-sld-icon-thin-left\"><\/em>\n\t\t\t\t\t<\/a>\n\t\t\t\t<\/div>\n\t\t\t\t<\/div><\/div><\/div><div id=\"panel-573-0-0-1\" class=\"so-panel widget widget_media_gallery panel-last-child\" data-index=\"1\" >\n\t\t<style type=\"text\/css\">\n\t\t\t#gallery-1 {\n\t\t\t\tmargin: auto;\n\t\t\t}\n\t\t\t#gallery-1 .gallery-item {\n\t\t\t\tfloat: left;\n\t\t\t\tmargin-top: 10px;\n\t\t\t\ttext-align: center;\n\t\t\t\twidth: 50%;\n\t\t\t}\n\t\t\t#gallery-1 img {\n\t\t\t\tborder: 2px solid #cfcfcf;\n\t\t\t}\n\t\t\t#gallery-1 .gallery-caption {\n\t\t\t\tmargin-left: 0;\n\t\t\t}\n\t\t\t\/* see gallery_shortcode() in wp-includes\/media.php *\/\n\t\t<\/style>\n\t\t<div id='gallery-1' class='gallery galleryid-573 gallery-columns-2 gallery-size-medium'><dl class='gallery-item'>\n\t\t\t<dt class='gallery-icon landscape'>\n\t\t\t\t<a href='https:\/\/www.technidor.com\/wp-content\/uploads\/2018\/03\/MTG-FLEX-SEAL-RW_1200x900.jpg'><img loading=\"lazy\" decoding=\"async\" width=\"300\" height=\"225\" src=\"https:\/\/www.technidor.com\/wp-content\/uploads\/2018\/03\/MTG-FLEX-SEAL-RW_1200x900-300x225.jpg\" class=\"attachment-medium size-medium\" alt=\"\" aria-describedby=\"gallery-1-1047\" srcset=\"https:\/\/www.technidor.com\/wp-content\/uploads\/2018\/03\/MTG-FLEX-SEAL-RW_1200x900-300x225.jpg 300w, https:\/\/www.technidor.com\/wp-content\/uploads\/2018\/03\/MTG-FLEX-SEAL-RW_1200x900.jpg 740w\" sizes=\"auto, (max-width: 300px) 100vw, 300px\" \/><\/a>\n\t\t\t<\/dt>\n\t\t\t\t<dd class='wp-caption-text gallery-caption' id='gallery-1-1047'>\n\t\t\t\tRW Dise\u00f1adas para bridas ASME y cuenta con un anillo interno, bobinados met\u00e1licos, materiales de relleno y un anillo de centrado.\n\t\t\t\t<\/dd><\/dl><dl class='gallery-item'>\n\t\t\t<dt class='gallery-icon landscape'>\n\t\t\t\t<a href='https:\/\/www.technidor.com\/wp-content\/uploads\/2018\/03\/MTG-FLEX-SEAL-RWI_1200x900.jpg'><img loading=\"lazy\" decoding=\"async\" width=\"300\" height=\"225\" src=\"https:\/\/www.technidor.com\/wp-content\/uploads\/2018\/03\/MTG-FLEX-SEAL-RWI_1200x900-300x225.jpg\" class=\"attachment-medium size-medium\" alt=\"\" aria-describedby=\"gallery-1-1048\" srcset=\"https:\/\/www.technidor.com\/wp-content\/uploads\/2018\/03\/MTG-FLEX-SEAL-RWI_1200x900-300x225.jpg 300w, https:\/\/www.technidor.com\/wp-content\/uploads\/2018\/03\/MTG-FLEX-SEAL-RWI_1200x900.jpg 740w\" sizes=\"auto, (max-width: 300px) 100vw, 300px\" \/><\/a>\n\t\t\t<\/dt>\n\t\t\t\t<dd class='wp-caption-text gallery-caption' id='gallery-1-1048'>\n\t\t\t\tRWI Dise\u00f1ado para bridas ASME y consta de un anillo interior, bobinados met\u00e1licos, material de relleno y un anillo de centrado.\n\t\t\t\t<\/dd><\/dl><br style=\"clear: both\" \/><dl class='gallery-item'>\n\t\t\t<dt class='gallery-icon landscape'>\n\t\t\t\t<a href='https:\/\/www.technidor.com\/wp-content\/uploads\/2018\/03\/SWI.jpg'><img loading=\"lazy\" decoding=\"async\" width=\"300\" height=\"225\" src=\"https:\/\/www.technidor.com\/wp-content\/uploads\/2018\/03\/SWI-300x225.jpg\" class=\"attachment-medium size-medium\" alt=\"\" aria-describedby=\"gallery-1-1049\" srcset=\"https:\/\/www.technidor.com\/wp-content\/uploads\/2018\/03\/SWI-300x225.jpg 300w, https:\/\/www.technidor.com\/wp-content\/uploads\/2018\/03\/SWI.jpg 740w\" sizes=\"auto, (max-width: 300px) 100vw, 300px\" \/><\/a>\n\t\t\t<\/dt>\n\t\t\t\t<dd class='wp-caption-text gallery-caption' id='gallery-1-1049'>\n\t\t\t\tSWI Presenta un anillo interior, bobinados met\u00e1licos y material de relleno\n\t\t\t\t<\/dd><\/dl>\n\t\t\t<br style='clear: both' \/>\n\t\t<\/div>\n<\/div><\/div><div id=\"pgc-573-0-1\"  class=\"panel-grid-cell\" ><div id=\"panel-573-0-1-0\" class=\"so-panel widget widget_sow-headline panel-first-child\" data-index=\"2\" ><div\n\t\t\t\n\t\t\tclass=\"so-widget-sow-headline so-widget-sow-headline-default-11ef186fff24-573\"\n\t\t\t\n\t\t><div class=\"sow-headline-container \">\n\t\t\t\t\t\t\t<h3 class=\"sow-headline\">\n\t\t\t\t\t\tLas juntas espiromet\u00e1licas son juntas semimet\u00e1licas de gran resilencia y, por lo tanto, muy adecuadas para aplicaciones de gran esfuerzos tales como uniones de cuerpos de v\u00e1lvulas, sellado de puertas de registro e inspecci\u00f3n de calderas, intercambiadores de calor y autoclaves, entre otras aplicaciones\t\t\t\t\t\t<\/h3>\n\t\t\t\t\t\t\t\t\t\t\t<div class=\"decoration\">\n\t\t\t\t\t\t<div class=\"decoration-inside\"><\/div>\n\t\t\t\t\t<\/div>\n\t\t\t\t\t<\/div>\n<\/div><\/div><div id=\"panel-573-0-1-1\" class=\"so-panel widget widget_sow-editor panel-last-child\" data-index=\"3\" ><div\n\t\t\t\n\t\t\tclass=\"so-widget-sow-editor so-widget-sow-editor-base\"\n\t\t\t\n\t\t>\n<div class=\"siteorigin-widget-tinymce textwidget\">\n\t<p>Su fabricaci\u00f3n consiste en un bobinado de material no met\u00e1lico (grafito, PTFE, mica etc\u2026) que se protege con un fleje met\u00e1lico enrollado en espiral sobre dicho bobinado.<\/p>\n<p>La finalidad del material no met\u00e1lico es rellenar las irregularidades de las bridas y asegurar un sellado herm\u00e9tico. El fleje met\u00e1lico evita la expulsi\u00f3n del material de relleno, a la vez que aporta flexibilidad y resilenciaal conjunto despu\u00e9s que se haya producido una variaci\u00f3n de presi\u00f3n o de temperatura en el fluido.<\/p>\n<p>El fleje met\u00e1lico puede fabricarse en acero inoxidable delaSerie 300 (304, 316L, 316Ti, 317L, 321 y 347); en acero inoxidable Alloy 20; en acero al carbono; aleaciones en base n\u00edquel tales como Hastelloy<sup>\u00ae<\/sup> B 2; Hastelloy<sup>\u00ae<\/sup> C 276; Incoloy<sup>\u00ae<\/sup>800; Incoloy<sup>\u00ae<\/sup>825; Inconel<sup>\u00ae<\/sup>600; Inconel<sup>\u00ae<\/sup>625;Inconel<sup>\u00ae<\/sup>X750; Monel<sup>\u00ae<\/sup>400; N\u00edquel 200 y Titanio.<\/p>\n<p>Las juntas espiromet\u00e1licas pueden reforzarse con un anillo interior de retenci\u00f3n y un anillo exterior para centrado. El aro interior evita el contacto directo del fluido con el elemento de sellado, aumenta la rigidez axial y la resilencia de la junta, mientras que el aro exterior controla la compresi\u00f3n sobre la junta y la mantiene centrada entre los taladros de ambas bridas.<\/p>\n<p><img loading=\"lazy\" decoding=\"async\" class=\" wp-image-1051 alignright\" src=\"http:\/\/www.technidor.com\/wp-content\/uploads\/2018\/03\/EESTATICA_JMET-Espiromet\u00e1licas-dibujo-300x250.jpg\" alt=\"\" width=\"271\" height=\"226\" srcset=\"https:\/\/www.technidor.com\/wp-content\/uploads\/2018\/03\/EESTATICA_JMET-Espiromet\u00e1licas-dibujo-300x250.jpg 300w, https:\/\/www.technidor.com\/wp-content\/uploads\/2018\/03\/EESTATICA_JMET-Espiromet\u00e1licas-dibujo.jpg 549w\" sizes=\"auto, (max-width: 271px) 100vw, 271px\" \/>Dise\u00f1os disponibles:<\/p>\n<ul>\n<li>- Sin anillos,ni interno ni externo.<\/li>\n<li>- S\u00f3lo con anillo interno.<\/li>\n<li>- S\u00f3lo con anillo externo.<\/li>\n<li>- Con ambos anillos, interno y externo.<\/li>\n<\/ul>\n<p>\u00a0<\/p>\n<p>Normalmente,las juntas espiromet\u00e1licas son de forma circular seg\u00fan normas de brida DIN, ASME y ANSI B16.5. Sin embargo, tambi\u00e9n pueden ser ovaladas (juntas para boca de hombre), oblongas, forma diamante, cuadradas y rectangulares.<\/p>\n<p><img loading=\"lazy\" decoding=\"async\" class=\" wp-image-709 aligncenter\" src=\"http:\/\/www.technidor.com\/wp-content\/uploads\/2018\/02\/EESTATICA_JMET-Espiromet\u00e1licas-dibujo-2-300x70.jpg\" alt=\"\" width=\"351\" height=\"82\" srcset=\"https:\/\/www.technidor.com\/wp-content\/uploads\/2018\/02\/EESTATICA_JMET-Espiromet\u00e1licas-dibujo-2-300x70.jpg 300w, https:\/\/www.technidor.com\/wp-content\/uploads\/2018\/02\/EESTATICA_JMET-Espiromet\u00e1licas-dibujo-2.jpg 481w\" sizes=\"auto, (max-width: 351px) 100vw, 351px\" \/><\/p>\n<\/div>\n<\/div><\/div><\/div><div id=\"pgc-573-0-2\"  class=\"panel-grid-cell\" ><div id=\"panel-573-0-2-0\" class=\"so-panel widget widget_sow-editor panel-first-child panel-last-child\" data-index=\"4\" ><div class=\"panel-widget-style panel-widget-style-for-573-0-2-0\" ><div\n\t\t\t\n\t\t\tclass=\"so-widget-sow-editor so-widget-sow-editor-base\"\n\t\t\t\n\t\t>\n<div class=\"siteorigin-widget-tinymce textwidget\">\n\t<h3 style=\"text-align: center;\">Necesitas m\u00e1s informaci\u00f3n?<\/h3>\n<p style=\"text-align: center;\">\n<div class=\"wpcf7 no-js\" id=\"wpcf7-f1642-o1\" lang=\"es-ES\" dir=\"ltr\" data-wpcf7-id=\"1642\">\n<div class=\"screen-reader-response\"><p role=\"status\" aria-live=\"polite\" aria-atomic=\"true\"><\/p> <ul><\/ul><\/div>\n<form action=\"\/index.php\/wp-json\/wp\/v2\/pages\/573#wpcf7-f1642-o1\" method=\"post\" class=\"wpcf7-form init\" aria-label=\"Formulario de contacto\" novalidate=\"novalidate\" data-status=\"init\">\n<fieldset class=\"hidden-fields-container\"><input type=\"hidden\" name=\"_wpcf7\" value=\"1642\" \/><input type=\"hidden\" name=\"_wpcf7_version\" value=\"6.1.5\" \/><input type=\"hidden\" name=\"_wpcf7_locale\" value=\"es_ES\" \/><input type=\"hidden\" name=\"_wpcf7_unit_tag\" value=\"wpcf7-f1642-o1\" \/><input type=\"hidden\" name=\"_wpcf7_container_post\" value=\"0\" \/><input type=\"hidden\" name=\"_wpcf7_posted_data_hash\" value=\"\" \/><input type=\"hidden\" name=\"_wpcf7_recaptcha_response\" value=\"\" \/>\n<\/fieldset>\n<p><label> Nombre (requerido)<br \/>\n<span class=\"wpcf7-form-control-wrap\" data-name=\"your-name\"><input size=\"40\" maxlength=\"400\" class=\"wpcf7-form-control wpcf7-text wpcf7-validates-as-required\" aria-required=\"true\" aria-invalid=\"false\" value=\"\" type=\"text\" name=\"your-name\" \/><\/span> <\/label>\n<\/p>\n<p><label> Tu correo electr\u00f3nico (requerido)<br \/>\n<span class=\"wpcf7-form-control-wrap\" data-name=\"your-email\"><input size=\"40\" maxlength=\"400\" class=\"wpcf7-form-control wpcf7-email wpcf7-validates-as-required wpcf7-text wpcf7-validates-as-email\" aria-required=\"true\" aria-invalid=\"false\" value=\"\" type=\"email\" name=\"your-email\" \/><\/span> <\/label>\n<\/p>\n<p><label> Tel\u00e9fono (requerido)<br \/>\n<span class=\"wpcf7-form-control-wrap\" data-name=\"Telefono\"><input size=\"40\" maxlength=\"400\" class=\"wpcf7-form-control wpcf7-tel wpcf7-validates-as-required wpcf7-text wpcf7-validates-as-tel\" aria-required=\"true\" aria-invalid=\"false\" value=\"\" type=\"tel\" name=\"Telefono\" \/><\/span> <\/label>\n<\/p>\n<p><label> Asunto<br \/>\n<span class=\"wpcf7-form-control-wrap\" data-name=\"your-subject\"><input size=\"40\" maxlength=\"400\" class=\"wpcf7-form-control wpcf7-text\" aria-invalid=\"false\" value=\"\" type=\"text\" name=\"your-subject\" \/><\/span> <\/label>\n<\/p>\n<p><label> Mensaje<br \/>\n<span class=\"wpcf7-form-control-wrap\" data-name=\"your-message\"><textarea cols=\"40\" rows=\"10\" maxlength=\"2000\" class=\"wpcf7-form-control wpcf7-textarea\" aria-invalid=\"false\" name=\"your-message\"><\/textarea><\/span> <\/label>\n<\/p>\n<p><small><b>Reglamento General de Protecci\u00f3n de Datos:<\/b><br \/>\nEn nombre de la empresa TECHNIDOR, S.L., propietaria del dominio web www.technidor.com y en virtud de lo establecido en el Reglamento General de Protecci\u00f3n de Datos (UE 1679\/2016) les informamos que tratamos los datos que nos facilita en el presente formulario con el fin de poder hacer efectiva su solicitud de informaci\u00f3n. Los datos proporcionados se conservar\u00e1n mientras se realiza el procesamiento de su solicitud y se le da respuesta. Usted tiene derecho a obtener confirmaci\u00f3n sobre si en TECHNIDOR, S.L. estamos tratando sus datos personales por tanto tiene derecho a acceder a sus datos personales, rectificar los inexactos o solicitar su supresi\u00f3n cuando ya no sean necesarios.<\/small>\n<\/p>\n<p><span class=\"wpcf7-form-control-wrap\" data-name=\"Consentimiento\"><span class=\"wpcf7-form-control wpcf7-acceptance\"><span class=\"wpcf7-list-item\"><label><input type=\"checkbox\" name=\"Consentimiento\" value=\"1\" aria-invalid=\"false\" \/><span class=\"wpcf7-list-item-label\">He le\u00eddo y acepto la pol\u00edtica de privacidad<\/span><\/label><\/span><\/span><\/span>\n<\/p>\n<p><input class=\"wpcf7-form-control wpcf7-submit has-spinner\" type=\"submit\" value=\"Solicitar informaci\u00f3n\" \/>\n<\/p><div class=\"wpcf7-response-output\" aria-hidden=\"true\"><\/div>\n<\/form>\n<\/div>\n<\/p>\n<\/div>\n<\/div><\/div><\/div><\/div><\/div><\/div>","protected":false},"excerpt":{"rendered":"<p>Su fabricaci\u00f3n consiste en un bobinado de material no met\u00e1lico (grafito, PTFE, mica etc\u2026) que se protege con un fleje met\u00e1lico enrollado en espiral sobre dicho bobinado. La finalidad del material no met\u00e1lico es rellenar las irregularidades de las bridas y asegurar un sellado herm\u00e9tico. El fleje met\u00e1lico evita la expulsi\u00f3n del material de relleno,&hellip;<\/p>\n<p class=\"more-link\"><a href=\"https:\/\/www.technidor.com\/index.php\/estanqueidad-dinamica-y-estatica\/estanqueidad-estatica\/justas-metalicas-espirometalicas\/\" class=\"themebutton2\">Leer m\u00e1s<\/a><\/p>\n","protected":false},"author":2,"featured_media":1050,"parent":182,"menu_order":8,"comment_status":"closed","ping_status":"closed","template":"","meta":{"_uf_show_specific_survey":0,"_uf_disable_surveys":false,"footnotes":""},"class_list":["post-573","page","type-page","status-publish","has-post-thumbnail","hentry"],"aioseo_notices":[],"_links":{"self":[{"href":"https:\/\/www.technidor.com\/index.php\/wp-json\/wp\/v2\/pages\/573","targetHints":{"allow":["GET"]}}],"collection":[{"href":"https:\/\/www.technidor.com\/index.php\/wp-json\/wp\/v2\/pages"}],"about":[{"href":"https:\/\/www.technidor.com\/index.php\/wp-json\/wp\/v2\/types\/page"}],"author":[{"embeddable":true,"href":"https:\/\/www.technidor.com\/index.php\/wp-json\/wp\/v2\/users\/2"}],"replies":[{"embeddable":true,"href":"https:\/\/www.technidor.com\/index.php\/wp-json\/wp\/v2\/comments?post=573"}],"version-history":[{"count":19,"href":"https:\/\/www.technidor.com\/index.php\/wp-json\/wp\/v2\/pages\/573\/revisions"}],"predecessor-version":[{"id":1695,"href":"https:\/\/www.technidor.com\/index.php\/wp-json\/wp\/v2\/pages\/573\/revisions\/1695"}],"up":[{"embeddable":true,"href":"https:\/\/www.technidor.com\/index.php\/wp-json\/wp\/v2\/pages\/182"}],"wp:featuredmedia":[{"embeddable":true,"href":"https:\/\/www.technidor.com\/index.php\/wp-json\/wp\/v2\/media\/1050"}],"wp:attachment":[{"href":"https:\/\/www.technidor.com\/index.php\/wp-json\/wp\/v2\/media?parent=573"}],"curies":[{"name":"wp","href":"https:\/\/api.w.org\/{rel}","templated":true}]}}